 560 + 16 = 0. What is the remainder when 204 is divided by o?
4
Let s = -9 + 16. Let l = 20 - -46. Suppose -l = -3*m + 3*d, 0*d - 5*d = -2*m + 50. Calculate the remainder when m is divided by s.
6
Suppose 998 = 8*a - 1034. Suppose 2*p + a = z, 3 = -p + 5*z - 124. Let j = p + 140. Calculate the remainder when 64 is divided by j.
12
Let y = -615 + 1112. Suppose -45*t + 52*t - y = 0. Calculate the remainder when t is divided by 18.
17
What is the remainder when (173/5)/(35/1225) is divided by 42?
35
Let s(f) be the second derivative of f**5/20 - 2*f**4/3 + 5*f**3/2 - 5*f**2/2 + 62*f. Calculate the remainder when 8/(-1)*8*-1 is divided by s(6).
12
Suppose -3*a + 4160 - 626 = 3*n, -a = -5*n + 5854. What is the remainder when n is divided by 235?
232
Let y = 61 + -59. Suppose -4*o = 5*g - 10, -3 = -y*o + g - 5. What is the remainder when 2 is divided by (1 - (0 - o))*(2 + -1)?
0
Suppose 0 = -31*c + 27*c + 8. Suppose c*k - 5*k + 117 = 0. Calculate the remainder when 231 is divided by k.
36
Suppose -2*j - 71 = -5*a + 9, -3*a - 4*j = -74. What is the remainder when 2371 is divided by a?
13
Let o = 808 - 18. Calculate the remainder when o is divided by 78.
10
Suppose -90*s + 70 = -83*s. What is the remainder when 199 is divided by 5 + -8 + s/1 + 1?
7
Let f(b) = 11*b**2 - 160*b - 42. Calculate the remainder when 5971 is divided by f(15).
31
Suppose 0 = -31*q + 35348 - 1184 - 3505. Calculate the remainder when q is divided by 31.
28
Let k = 12030 + -12015. Calculate the remainder when 8189 is divided by k.
14
Suppose -2*o + 150 = -3*o. Let c = o + 224. What is the remainder when c is divided by 146/6 - (950/57)/(-25)?
24
Calculate the remainder when (-2)/((-2)/(-12) + (-528)/3114) is divided by 58.
54
Let l(x) = -827*x - 2504. Calculate the remainder when l(-4) is divided by 779.
25
Let t(x) = 12*x - 35 + 8 - 23. What is the remainder when 46 is divided by t(5)?
6
Let s = 4 + -1. Suppose 0 = s*y + 4*p - 17 - 11, -2*p + 10 = y. Suppose 0 = -32*k + 684 + 20. Calculate the remainder when k is divided by y.
6
Suppose -17*f - 36 = -29*f. Suppose o = -2*j + 29, 0*j + 3*j + f*o = 36. Calculate the remainder when j is divided by 4.
1
Suppose 46*d - 1 = 45*d. Calculate the remainder when 61 is divided by (-252)/(-7) - (d - 2)*-4.
29
Suppose 79 + 362 = 3*z. What is the remainder when z - (-3 + (-9)/(-3)) is divided by 26?
17
Let z(c) = -272*c**3 - 10*c**2 - 2*c - 7. What is the remainder when 4269 is divided by z(-2)?
3
Let m(q) = -4*q - 2. Suppose -3*n + 89 = -x + 104, 2 = n. Calculate the remainder when x is divided by m(-2).
3
Let q(t) = 3*t**2 + 5. Suppose 0 = -3*p - 9 - 18. Let h(c) = c**2 + 7*c - 16. Let z be h(p). Calculate the remainder when 32 is divided by q(z).
15
Suppose -61*j + 47*j = -910. Suppose 71*g = j*g + 12. Calculate the remainder when 55 is divided by g.
1
Let j = -64 + 76. Let x be (-228)/(-15) - j/(-15). Suppose -x = -13*s + 12*s. What is the remainder when 126 is divided by s?
14
Let r be ((-18)/(-3))/(10/20). What is the remainder when 77 is divided by -3 - -7 - r*-1?
13
Suppose 9*b = -73 - 476. Let q = 93 + b. Calculate the remainder when 87 is divided by q.
23
Suppose 0 = -64*u + 65*u + 2. Let o(c) = 17*c**2 - 6*c - 2. What is the remainder when o(u) is divided by 10?
8
Suppose 0 = -2*l - 2*q - 2, 0*l + 10 = 4*l - 3*q. Let s(z) = 52*z - 1. Let h = 40 - 19. What is the remainder when s(l) is divided by h?
9
Suppose 7*j = 3*k + 8*j - 108, j + 196 = 5*k. What is the remainder when 148 is divided by k?
34
Let z(i) = 7*i - 177. Calculate the remainder when z(64) is divided by 69.
64
Suppose 17*h = -648 + 818. Calculate the remainder when 74 is divided by h.
4
Let z(n) = 13*n**2 + 2*n - 15. Let w(s) = 28*s**2 + 5*s - 32. Let p(j) = 6*w(j) - 13*z(j). Calculate the remainder when 12 is divided by p(0).
0
Let p(i) = -i**3 - 6*i**2 + 12. Let l(y) = -y**2 + 11*y + 6. What is the remainder when l(7) is divided by p(-6)?
10
Suppose 2*r - 355 = -197. What is the remainder when 468 is divided by r?
73
Let b(o) = o**3 + 18*o**2 + 2*o + 24. Let r be b(-18). Let f = 18 + r. Suppose -2*s - f*s = -128. What is the remainder when 77 is divided by s?
13
Suppose 0 = 92*q - 6*q - 2994 + 1016. What is the remainder when 1237 is divided by q?
18
Let z(w) = w + 6. What is the remainder when 4815/(-856)*(-768)/60 is divided by z(5)?
6
Let l = 66 + 44. Let z = -135 + l. Let d = z - -47. Calculate the remainder when 130 is divided by d.
20
Suppose 0 = 3623*k - 3559*k - 10304. Calculate the remainder when 13845 is divided by k.
160
Suppose -588*d + 587*d = -226. Calculate the remainder when d is divided by 15.
1
Let q(l) = 2*l**3 - 29*l**2 - 39*l + 651. What is the remainder when q(15) is divided by 134?
23
Suppose -r = -89 + 4. Suppose -r = 166*a - 171*a. Suppose -4*x + 3*n = -125, 3*x - 2*n - 49 = 45. Calculate the remainder when x is divided by a.
15
Let x = -6 + 8. Suppose 2 = -x*p + 3*p. Suppose -65 = -0*b - b - 5*i, -p*b + 2*i + 154 = 0. Calculate the remainder when b is divided by 39.
36
Let a = 6770 - 6676. Calculate the remainder when 209 is divided by a.
21
Suppose 3*q - 4*v + 8 = 0, 0*v - 3*v + 6 = -5*q. Suppose -498*a + 497*a + 46 = q. Calculate the remainder when 136 is divided by a.
44
Let c(w) = -2*w**2 - 7*w + 8. Suppose -3*i + 2*d = 6*d - 31, -2*i + 3*d = -15. Calculate the remainder when i is divided by c(-4).
1
Suppose -3*c = -4*n + 53, 3*n + 3*c = 5*n - 19. Suppose -47*t = -35*t - 60. Calculate the remainder when n is divided by t.
2
Let w = 29 + -40. Calculate the remainder when (-1 + w)/((-8)/116) is divided by ((-8)/3 - -2)/((96 + -161)/4290).
42
Suppose 0 = -5*j + 2*t + 21, -5*j = 4*t + 2 - 5. Suppose -344 = -4*l + 5*k + 260, j*l - 2*k - 453 = 0. Calculate the remainder when l is divided by 14.
11
Suppose -10*d + 12*d = 382. What is the remainder when d is divided by 78/2 - (51 + -60)?
47
Calculate the remainder when ((-84)/63)/(-2 - 11748/(-5877)) is divided by 20.
6
Let p(i) = -283*i + 4129. What is the remainder when p(12) is divided by 253?
227
Let a = 3891 - 3882. Calculate the remainder when a is divided by 6.
3
What is the remainder when (-292)/32 - 10/(-80) - -450 is divided by 94?
65
Calculate the remainder when 71 is divided by (-1 - (-93)/(-15))*(-530)/159.
23
Let j(q) = -7*q + 24. Let k be j(6). Let z be k/(-10)*(-10)/(-3). Suppose 261 = z*v + 3*v. Calculate the remainder when v is divided by 16.
13
Suppose -m + p = 0, 4*p + 8 = 3*m - p. Let l be 4*(-4 + (-21)/(-6)) + 4. Calculate the remainder when l/m - (-508)/8 is divided by 16.
15
Suppose 4*k = -2*p + 720, -160*k + 162*k - 3*p - 336 = 0. Calculate the remainder when 17874 is divided by k.
174
Let w(b) = 2*b**2 - 70. Let s be w(-6). Suppose -4*x + 2*j = -240, -2*x + 124 + s = 2*j. What is the remainder when 171 is divided by x?
49
Let t be 19 + -12 - (-10)/(-2). Suppose 29 = 4*v + y - t*y, 5*y = -v - 19. What is the remainder when 23 is divided by v?
5
Let g(o) = 21*o - 17. Let d be (48/(-15))/(-4) - (-16)/5. Let l be g(d). Suppose l = 6*w - 29. Calculate the remainder when w is divided by 9.
7
Let j(o) = -2*o - 75. Calculate the remainder when j(-47) is divided by 13 + 3/((-6)/(-4)).
4
Let m(i) = 72*i**2 - i - 1. Let q = -67 + -23. What is the remainder when m(-1) is divided by (q/12)/((-1)/2)?
12
Suppose 3*i = -2*a - 2*i - 137, -5*a - 308 = i. Let c = -64 - a. Calculate the remainder when (-194)/(-10) + c/((-30)/(-4)) is divided by 3.
1
Let p = 375 + -383. Let r(h) be the third derivative of h**6/120 + 3*h**5/20 + h**4/6 + h**3/3 - 2*h**2. What is the remainder when 133 is divided by r(p)?
31
Suppose 2*j - 140 = 2*w, 442 = -w + 441. What is the remainder when j is divided by 14 - 0/(2 - 0)?
13
Let h(x) = -2*x**3 + 80*x**2 - 116*x - 1. Calculate the remainder when h(38) is divided by 5.
2
Suppose g - 4 = 18. Let k = -73 + 73. Suppose 2*x + 2*l = 62, -3*x + k = 2*l - 95. What is the remainder when x is divided by g?
11
Suppose 3*s = -4*x + 2280, -5*s + 4*s = -4*x - 760. Let y = s - 677. Calculate the remainder when 161 is divided by y.
78
Let g(v) = 5*v**3 - 47*v**2 + v - 43. What is the remainder when g(11) is divided by 43?
33
Suppose 5*z = -3*z - 88. Let n(x) = -5*x - 47. Let y(m) = -26*m - 234. Let b(q) = -11*n(q) + 2*y(q). What is the remainder when 77 is divided by b(